e ten thousands digit of 2917720?
1
What is the thousands digit of 281996?
1
What is the units digit of 3054729?
9
What is the units digit of 4863947?
7
What is the hundreds digit of 36959969?
9
What is the units digit of 2516704?
4
What is the thousands digit of 83786?
3
What is the hundred thousands digit of 1100718?
1
What is the tens digit of 30249?
4
What is the tens digit of 569176?
7
What is the tens digit of 266600?
0
What is the tens digit of 5973960?
6
What is the ten millions digit of 29281812?
2
What is the units digit of 614817?
7
What is the ten thousands digit of 413391?
1
What is the millions digit of 8041489?
8
What is the ten millions digit of 31959024?
3
What is the units digit of 264875?
5
What is the hundred thousands digit of 7661681?
6
What is the ten thousands digit of 8500001?
0
What is the millions digit of 5641095?
5
What is the units digit of 449609?
9
What is the units digit of 92880?
0
What is the hundreds digit of 1514854?
8
What is the thousands digit of 679339?
9
What is the ten thousands digit of 53470?
5
What is the hundreds digit of 24110?
1
What is the ten thousands digit of 28125366?
2
What is the units digit of 250087?
7
What is the units digit of 7709410?
0
What is the thousands digit of 2328955?
8
What is the ten thousands digit of 4106963?
0
What is the hundreds digit of 3716331?
3
What is the ten thousands digit of 9541057?
4
What is the thousands digit of 658791?
8
What is the hundred thousands digit of 5062046?
0
What is the hundreds digit of 8094046?
0
What is the units digit of 872607?
7
What is the thousands digit of 4819095?
9
What is the hundred thousands digit of 157119?
1
What is the tens digit of 66714?
1
What is the hundreds digit of 298165?
1
What is the ten thousands digit of 9481989?
8
What is the units digit of 33762286?
6
What is the units digit of 1337734?
4
What is the thousands digit of 215189?
5
What is the tens digit of 720805?
0
What is the thousands digit of 11204218?
4
What is the ten thousands digit of 8400818?
0
What is the hundred thousands digit of 421781?
4
What is the ten thousands digit of 201768?
0
What is the tens digit of 1268810?
1
What is the hundreds digit of 356294?
2
What is the units digit of 6271535?
5
What is the units digit of 29453025?
5
What is the units digit of 929931?
1
What is the hundreds digit of 222753?
7
What is the tens digit of 35985?
8
What is the units digit of 1997642?
2
What is the hundred thousands digit of 7342439?
3
What is the units digit of 205561?
1
What is the thousands digit of 25911013?
1
What is the hundreds digit of 2461444?
4
What is the hundred thousands digit of 6521324?
5
What is the thousands digit of 20844593?
4
What is the thousands digit of 746796?
6
What is the tens digit of 419128?
2
What is the hundred thousands digit of 4974395?
9
What is the tens digit of 156720?
2
What is the hundreds digit of 2758533?
5
What is the units digit of 113821?
1
What is the units digit of 6033474?
4
What is the ten thousands digit of 70380?
7
What is the hundred thousands digit of 606857?
6
What is the hundreds digit of 737001?
0
What is the tens digit of 2044176?
7
What is the thousands digit of 3538379?
8
What is the thousands digit of 12758443?
8
What is the hundreds digit of 8217172?
1
What is the hundred thousands digit of 4970860?
9
What is the units digit of 2761126?
6
What is the hundreds digit of 8905212?
2
What is the millions digit of 1274134?
1
What is the ten millions digit of 12032782?
1
What is the ten thousands digit of 645896?
4
What is the millions digit of 5446406?
5
What is the units digit of 52653?
3
What is the hundred thousands digit of 2107610?
1
What is the millions digit of 20581818?
0
What is the hundreds digit of 142557?
5
What is the tens digit of 124524?
2
What is the tens digit of 509644?
4
What is the units digit of 85567?
7
What is the tens digit of 186488?
8
What is the hundred thousands digit of 405232?
4
What is the thousands digit of 243936?
3
What is the thousands digit of 493204?
3
What is the ten millions digit of 28527707?
2
What is the units digit of 4132?
2
What is the thousands digit of 3249836?
9
What is the units digit of 956984?
4
What is the hundred thousands digit of 9896017?
8
What is the hundreds digit of 31661934?
9
What is the tens digit of 4579477?
7
What is the hundred thousands digit of 33584364?
5
What is the thousands digit of 3116947?
6
What is the hundred thousands digit of 176600?
1
What is the hundred thousands digit of 13917765?
9
What is the thousands digit of 934759?
4
What is the units digit of 1783823?
3
What is the millions digit of 4147672?
4
What is the ten thousands digit of 4294215?
9
What is the millions digit of 3572244?
3
What is the hundred thousands digit of 389755?
3
What is the tens digit of 736202?
0
What is the hundred thousands digit of 566506?
5
What is the ten thousands digit of 233312?
3
What is the hundreds digit of 3304908?
9
What is the hundreds digit of 796559?
5
What is the hundred thousands digit of 1045356?
0
What is the tens digit of 2534824?
2
What is the hundreds digit of 2783628?
6
What is the tens digit of 18761546?
4
What is the ten thousands digit of 18263658?
6
What is the ten thousands digit of 7126271?
2
What is the millions digit of 15714203?
5
What is the hundreds digit of 36426463?
4
What is the ten thousands digit of 335793?
3
What is the units digit of 15049577?
7
What is the thousands digit of 5151157?
1
What is the ten thousands digit of 75817?
7
What is the units digit of 174357?
7
What is the millions digit of 12499586?
2
What is the thousands digit of 678206?
8
What is the ten thousands digit of 7434750?
3
What is the tens digit of 5626012?
1
What is the millions digit of 6609911?
6
What is the thousands digit of 514156?
4
What is the units digit of 2863162?
2
What is the tens digit of 8877143?
4
What is the hundred thousands digit of 135200?
1
What is the ten thousands digit of 81545?
8
What is the tens digit of 780701?
0
What is the thousands digit of 494039?
4
What is the hundred thousands digit of 1455602?
4
What is the ten thousands digit of 6765133?
6
What is the thousands digit of 4890533?
0
What is the hundred thousands digit of 15768987?
7
What is the hundreds digit of 3093299?
2
What is the units digit of 398543?
3
What is the units digit of 17570589?
9
What is the millions digit of 2190574?
2
What is the hundred thousands digit of 1512643?
5
What is the hundreds digit of 975425?
4
What is the tens digit of 2563710?
1
What is the hundreds digit of 446092?
0
What is the thousands digit of 38881?
8
What is the tens digit of 1779042?
4
What is the ten thousands digit of 308807?
0
What is the thousands digit of 7962258?
2
What is the units digit of 204542?
2
What is the tens digit of 3684043?
4
What is the units digit of 291079?
9
What is the tens digit of 1430344?
4
What is the hundred thousands digit of 292236?
2
What is the hundreds digit of 1136101?
1
What is the hundreds digit of 4432361?
3
What is the tens digit of 356396?
9
What is the tens digit of 8124407?
0
What is the tens digit of 225940?
4
What is the thousands digit of 2239667?
9
What is the units digit of 1121255?
5
What is the hundreds digit of 567644?
6
What is the tens digit of 18392?
9
What is the hundred thousands digit of 9542151?
5
What is the tens digit of 30752?
5
What is the hundreds digit of 695808?
8
What is the thousands digit of 468929?
8
What is the ten thousands digit of 16264394?
6
What is the thousands digit of 29478?
9
What is the units digit of 432042?
2
What is the ten thousands digit of 1195909?
9
What is the units digit of 1057396?
6
What is the tens digit of 21907474?
7
What is the ten thousands digit of 196892?
9
What is the thousands digit of 2163606?
3
What is the ten thousands digit of 455736?
5
What is the tens digit of 3887890?
9
What is the millions digit of 7602076?
7
What is the hundreds digit of 518825?
8
What is the units digit of 468649?
9
What is the hundreds digit of 27253?
2
What is the units digit of 1150817?
7
What is the tens digit of 6513353?
5
What is the hundreds digit of 7403842?
8
What is the ten thousands digit of 291874?
9
What is the thousands digit of 3508039?
8
What is the thousands digit of 101034?
1
Wh